 units digit of (-992)/(-4) + -2 + 1 + 1?
8
Let k(y) = -y**3 - 10*y**2 - 2*y + 9. Let f(g) = -g**3 - 10*g**2 - 3*g + 10. Let l(n) = 2*f(n) - 3*k(n). What is the units digit of l(-8)?
1
Let n(d) be the first derivative of d**2/2 + 12*d + 1. Let l be n(4). What is the units digit of 336/l*(-1)/(-3)?
7
Let z = -24 + 24. Suppose -4*i = 20, z = -2*l - i + 2*i + 25. Let w = 1 + l. What is the units digit of w?
1
Suppose 3*x + 2*x = 200. Let n be ((-20)/35)/((-2)/7). Suppose 3*u - n*h - 6 = 0, 4*h - x = -3*u - 16. What is the units digit of u?
4
Let x(w) = 3*w - 2. Let d be x(1). Let s(y) = 135*y**3 + 4*y - 4. What is the hundreds digit of s(d)?
1
Let v = -1 - -7. Let s(l) = l**2 + 6*l - 2. What is the tens digit of s(v)?
7
Let j = -202 + 421. What is the hundreds digit of j?
2
Suppose 4*l - 35 - 61 = 0. Suppose -2*q - 2 = -l. Let a = -9 + q. What is the units digit of a?
2
Suppose 2*a - 8 = -2, -m + 2*a - 4 = 0. Suppose 0 = m*o - 2 + 20. Let l = o + 23. What is the tens digit of l?
1
Suppose -474*j + 676 = -473*j. What is the units digit of j?
6
Suppose 1423 = 3*k - 5*c, 2*c = -4*k - 0*k + 1906. What is the units digit of k?
6
Suppose 5*r - 746 = -4*j, 0 = -4*j + 11*r - 8*r + 730. What is the units digit of j?
4
Let q(r) be the second derivative of 2/3*r**3 + 1/2*r**2 + 6*r + 0 + 7/12*r**4. What is the units digit of q(-3)?
2
Let i = 49 - 22. Let w be (-3)/(i/(-12) + 3). Let a(o) = 2*o**2 + 2*o - 4. What is the units digit of a(w)?
0
Suppose 0 = -3*w + 4*q + 1969, 0*w = 2*w - q - 1321. What is the units digit of w?
3
Let v(c) = 10*c - 10. Let d be v(6). Suppose -z - 4*z = -d. What is the units digit of z?
0
Suppose -12*s = -8*s. Suppose 0 = -4*h + 20, 4*v = -3*h - s*h + 35. Suppose -v*w - 12 = -167. What is the tens digit of w?
3
Let h(u) = -11*u**2 - 2*u + 1. Let f be h(1). Let y = -10 - f. Suppose 0 = y*i - 42 - 2. What is the units digit of i?
2
What is the hundreds digit of 2 - (-2 + 2) - (-362 + 22)?
3
Suppose 5*r + 45 = -0*d + 5*d, 5*r = -3*d - 13. Suppose -98 - 266 = -d*a. What is the units digit of a?
1
Let z be (-1)/2*-10 + 0. Suppose 2*a - 19 = -5*s, s - z = -0. What is the units digit of 2/a*81/(-18)?
3
Let h(k) = 66*k**2 + 8*k + 48. What is the tens digit of h(-8)?
0
Let f(s) = s**2 - 3*s - 6. Let h be f(5). Let m(z) = 9*z - 47 - 3*z + 96 - 48 - z**2. What is the units digit of m(h)?
9
Let q = 2801 + -1601. What is the tens digit of q?
0
Let a(r) = -14*r - 4. Let y(s) = s**2 - 4*s - 5. Let h be y(4). Let b be a(h). Let i = b - 37. What is the tens digit of i?
2
Suppose 0 = -2*f - 2*i + 776, 4*i + 87 = f - 276. What is the tens digit of f?
8
Suppose -o - 6*x = -3*o + 2742, -o - 3*x + 1341 = 0. What is the hundreds digit of o?
3
Let j(d) = d**3 + 17*d**2 - 26*d - 15. What is the hundreds digit of j(-18)?
1
Suppose 5*c + 2*b - 20815 = 1304, -5*c = -2*b - 22131. What is the tens digit of c?
2
Let k = -1 - -2. Let n be 0/(4 + (-8)/4). Suppose 5*a + k - 11 = n. What is the units digit of a?
2
Let u = -151 + -35. Let m = 19 - u. What is the units digit of m?
5
Let o = -1 + -5. Suppose -6*w = 42 - 30. What is the tens digit of (-61)/w - (-9)/o?
2
Let a = -921 + 4149. What is the hundreds digit of a?
2
Suppose 4*l - 2*l = 2. Let c be (-79)/(-1) - (l - -1). What is the tens digit of c/14*(1 - -1)?
1
Suppose -5*c + 9 + 40 = 3*i, -4*i = 8. Let n = 17 - c. Suppose 135 = n*f - f. What is the tens digit of f?
2
Let w(k) = -4*k - 4 - 3 + 36. What is the units digit of w(-6)?
3
Suppose n - 4*c + 0*c + 23 = 0, -3*n + 3*c = 42. Let p = 15 + n. Suppose -18 = -p*q + q + 3*a, a - 5 = 0. What is the tens digit of q?
1
Let g(k) = k**3 - 8*k**2 - 9*k + 4. Let u be g(9). Let b be (-3 + -1 + 4)*-1. Suppose b = -u*f + 40. What is the units digit of f?
0
Suppose 2*z + 2*j = 6, 0 = -5*z - 4*j + 16 - 2. Let t be (-2)/(-9) + 248/18. Let l = t - z. What is the units digit of l?
2
Let y = 1165 + -678. What is the tens digit of y?
8
Let g = 92 + -90. Suppose g*u - 490 = -8*u. What is the tens digit of u?
4
Suppose 0*h - 6*h = 432. What is the units digit of 3/(21/(-1)) + h/(-14)?
5
Let i = 17 + -26. Let q(z) = z**3 + 9*z**2 - 2*z + 20. What is the tens digit of q(i)?
3
Let u = -159 + 662. What is the hundreds digit of u?
5
Suppose 11*z = 13*z - 996. Suppose -9*d + z = -3*d. What is the tens digit of d?
8
Let u = -16 - -19. Suppose -210 = -3*h - u*l + 4*l, -5*h - 4*l = -367. What is the tens digit of h?
7
Let m = 229 + -154. What is the tens digit of ((-516)/m)/(4/(-10))*10?
7
Suppose -f + 43 = 5*o, 2*f = o - 0*f - 13. Suppose -2*y = -m + o, 5*m - 2*y = y + 31. What is the tens digit of (-845)/(-25) - (-1)/m?
3
Suppose t - 24 = -5*t. Let c(b) = 4*b**2 - 4*b - 7. What is the units digit of c(t)?
1
Let z = 2014 + -1448. What is the tens digit of z?
6
Let f(w) = w**3 + 16*w**2 + 19*w + 88. What is the hundreds digit of f(-11)?
4
Suppose 0 = -3*k - 3*c - 24, -3*k - 14 = -c - c. What is the units digit of ((-2)/k)/(6/522)?
9
What is the tens digit of 6/14 - (2 - 63320/70)?
0
Suppose -435 = -2*w - 2*t - 63, -2*t = 4*w - 736. What is the hundreds digit of w?
1
Suppose 0 = -5*x - 8 - 7. Let c = 1 - x. Suppose 0*z - 44 = -c*z. What is the tens digit of z?
1
Suppose -3391 = -r - 5*x, -3*r - 3*x = 2*x - 10123. What is the units digit of 1/(-2) + r/36?
3
Let j(n) = 158*n - 98. What is the units digit of j(4)?
4
Suppose -4*i - 641 = -z, -436 - 195 = -z - i. What is the units digit of z?
3
Let r = 1327 + -800. What is the tens digit of r?
2
Suppose -w + 5*g = -1403, -5*w = -7*w + 2*g + 2798. What is the thousands digit of w?
1
Suppose 3*q + q + 3*v + 25 = 0, -2*q - 3*v - 17 = 0. What is the tens digit of (-2094)/(-24) + (-1 + 2)/q?
8
Suppose -5*c = a - 108, 2*a + a + 2*c - 376 = 0. Suppose 0 = -3*k - k - a. Let w = k - -56. What is the tens digit of w?
2
Suppose 4*b = -l + 15 + 4, 0 = -2*b + 5*l + 37. Suppose 2*q - b = 12. Let t(g) = g**3 - 9*g**2 + 8. What is the units digit of t(q)?
8
Suppose -40747 - 23207 = -34*z. What is the thousands digit of z?
1
Suppose -3*v - v = 8. What is the tens digit of 3/v*(-124)/3?
6
Let l(m) = -5*m**2 + 5*m - 7. Let j be l(5). What is the hundreds digit of j/(2 + 10/(-4)) - 0?
2
Let s(o) = 318*o + 8. Let f be s(4). Suppose 4*c = -3*q + f, c = -3*c + 5*q + 1280. Suppose 0 = 5*b - 0*b - c. What is the units digit of b?
4
Suppose 16*u - 11*u + 3*b - 1979 = 0, 2*b - 6 = 0. What is the tens digit of u?
9
Let x(i) = i - 2*i + i + 6 + 3*i. Let z be x(-5). What is the units digit of 2/9 + (-97)/z?
1
Suppose -10*w = -8*w - 6. Suppose 2*a = w*a - 215. Suppose a = 11*d - 6*d. What is the tens digit of d?
4
Let h be (-5)/(-2*(9/(-12))/3). Let l(j) = -2*j + 16. What is the units digit of l(h)?
6
Suppose -p = -1, m + 3*p = 3 - 0. Suppose m = -51*w + 46*w + 1265. What is the units digit of w?
3
Suppose -2*f - a + 1 = -3, -4 = -2*f - 4*a. Suppose f*z - 68 - 28 = 0. What is the units digit of z?
8
Let n(x) = 7*x - 40. What is the tens digit of n(14)?
5
Let v(p) = 5*p**2 + 22*p + 7. What is the units digit of v(-15)?
2
Let p = -120 + 291. What is the tens digit of p?
7
Suppose -5*o = -5 - 10. Suppose 3*j - 5*w = 506, -o*j + 490 = -0*j - w. What is the hundreds digit of j?
1
Suppose -11*k = -5*k - 3108. What is the units digit of k?
8
Suppose 2*a - 2700 = -1170. What is the hundreds digit of a?
7
Let p be (1 + (-5)/(-2))*(1 + 67). Suppose 2*x - 48 = p. What is the units digit of x?
3
What is the units digit of (-27)/9 - -50*3?
7
Let w be (1 - 2)/((-12)/276). Let j = w - 6. What is the tens digit of j?
1
Let k(t) = -27*t - 2. Let s be k(-2). Suppose 3*l = -s + 163. What is the tens digit of l?
3
Suppose 0 = 2*o + 5*c - 31, -2*o - 2*c + 1 + 15 = 0. Let x = 0 + 0. Suppose -o*y + 152 = 4*r, x*r - r = -2*y - 38. What is the units digit of r?
8
Suppose 10*f = 20*f - 170. Suppose 0 = 17*s + f - 374. What is the tens digit of s?
2
What is the tens digit of ((-2112)/(-160)*1*5)/1?
6
Let y be (-156)/(-42) + 4/14. Suppose -5*f = -4*m + 327, f + 3*f - y = 0. What is the tens digit of m?
8
Suppose 0 = -5*y + 3*x + 30550 - 7030, y + 3*x = 4722. What is the hundreds digit of y?
7
Let y(a) = 78*a - 158. What is the thousands digit of y(22)?
1
Let b = 1952 - 1569. What is the units digit of b?
3
What is the tens digit of (-1385)/(-3) + 2/6?
6
Let w = 176 - 296. Let a = 235 + w. What 